{"id":688,"date":"2018-03-13T15:35:07","date_gmt":"2018-03-13T15:35:07","guid":{"rendered":"http:\/\/www.katkay.at\/?page_id=688"},"modified":"2018-03-13T15:47:10","modified_gmt":"2018-03-13T15:47:10","slug":"top-artikel-fuer-installateure","status":"publish","type":"page","link":"https:\/\/www.katkay.at\/?page_id=688","title":{"rendered":"TOP-ARTIKEL F\u00dcR INSTALLATEURE"},"content":{"rendered":"<h1><span style=\"color: #ff9900;\"><strong>Wir bieten Ihnen<\/strong><\/span><\/h1>\n<ul>\n<li>Handschuhe f\u00fcr alle Einsatzbereiche<\/li>\n<li>Bequeme Schuhe mit Stahlkappe<\/li>\n<li>Hochwertige Arbeits- und Freizeitbekleidung<\/li>\n<li>Top-Qualit\u00e4t bei PU-Sch\u00e4ume und Silikon<\/li>\n<li>u.v.m.<\/li>\n<\/ul>\n<h1><strong><span style=\"color: #ff9900;\">ARTIKELLISTE<\/span><\/strong><\/h1>\n<p>&nbsp;<\/p>\n<p><a href=\"https:\/\/www.katkay.at\/wp-content\/uploads\/2018\/03\/1A-Rindsvolllederhandschuh-1.jpg\"><img fetchpriority=\"high\" decoding=\"async\" class=\"alignnone size-full wp-image-707\" src=\"https:\/\/www.katkay.at\/wp-content\/uploads\/2018\/03\/1A-Rindsvolllederhandschuh-1.jpg\" alt=\"\" width=\"250\" height=\"250\" srcset=\"https:\/\/www.katkay.at\/wp-content\/uploads\/2018\/03\/1A-Rindsvolllederhandschuh-1.jpg 250w, https:\/\/www.katkay.at\/wp-content\/uploads\/2018\/03\/1A-Rindsvolllederhandschuh-1-100x100.jpg 100w, https:\/\/www.katkay.at\/wp-content\/uploads\/2018\/03\/1A-Rindsvolllederhandschuh-1-150x150.jpg 150w\" sizes=\"(max-width: 250px) 100vw, 250px\" \/><\/a> <a href=\"https:\/\/www.katkay.at\/wp-content\/uploads\/2018\/03\/Polyamid-Nitrilhandschuh-grau-1.jpg\"><img decoding=\"async\" class=\"alignnone size-medium wp-image-716\" src=\"https:\/\/www.katkay.at\/wp-content\/uploads\/2018\/03\/Polyamid-Nitrilhandschuh-grau-1.jpg\" alt=\"\" width=\"250\" height=\"250\" srcset=\"https:\/\/www.katkay.at\/wp-content\/uploads\/2018\/03\/Polyamid-Nitrilhandschuh-grau-1.jpg 250w, https:\/\/www.katkay.at\/wp-content\/uploads\/2018\/03\/Polyamid-Nitrilhandschuh-grau-1-100x100.jpg 100w, https:\/\/www.katkay.at\/wp-content\/uploads\/2018\/03\/Polyamid-Nitrilhandschuh-grau-1-150x150.jpg 150w\" sizes=\"(max-width: 250px) 100vw, 250px\" \/><\/a><a href=\"https:\/\/www.katkay.at\/wp-content\/uploads\/2018\/03\/Schwei\u00dferhandschuh-5-Finger-Voll-Spalt-1.jpg\"><img decoding=\"async\" class=\"alignnone size-medium wp-image-719\" src=\"https:\/\/www.katkay.at\/wp-content\/uploads\/2018\/03\/Schwei\u00dferhandschuh-5-Finger-Voll-Spalt-1.jpg\" alt=\"\" width=\"250\" height=\"250\" srcset=\"https:\/\/www.katkay.at\/wp-content\/uploads\/2018\/03\/Schwei\u00dferhandschuh-5-Finger-Voll-Spalt-1.jpg 250w, https:\/\/www.katkay.at\/wp-content\/uploads\/2018\/03\/Schwei\u00dferhandschuh-5-Finger-Voll-Spalt-1-100x100.jpg 100w, https:\/\/www.katkay.at\/wp-content\/uploads\/2018\/03\/Schwei\u00dferhandschuh-5-Finger-Voll-Spalt-1-150x150.jpg 150w\" sizes=\"(max-width: 250px) 100vw, 250px\" \/><\/a><img loading=\"lazy\" decoding=\"async\" class=\"alignnone size-medium wp-image-714\" src=\"https:\/\/www.katkay.at\/wp-content\/uploads\/2018\/03\/Nitrilhandschuh-gr\u00fcn-1.jpg\" alt=\"\" width=\"250\" height=\"250\" srcset=\"https:\/\/www.katkay.at\/wp-content\/uploads\/2018\/03\/Nitrilhandschuh-gr\u00fcn-1.jpg 250w, https:\/\/www.katkay.at\/wp-content\/uploads\/2018\/03\/Nitrilhandschuh-gr\u00fcn-1-100x100.jpg 100w, https:\/\/www.katkay.at\/wp-content\/uploads\/2018\/03\/Nitrilhandschuh-gr\u00fcn-1-150x150.jpg 150w\" sizes=\"(max-width: 250px) 100vw, 250px\" \/><img loading=\"lazy\" decoding=\"async\" class=\"alignnone size-medium wp-image-709\" src=\"https:\/\/www.katkay.at\/wp-content\/uploads\/2018\/03\/Bundhose-Artefix-Street-Blau-Schwarz-2.jpg\" alt=\"\" width=\"250\" height=\"250\" srcset=\"https:\/\/www.katkay.at\/wp-content\/uploads\/2018\/03\/Bundhose-Artefix-Street-Blau-Schwarz-2.jpg 250w, https:\/\/www.katkay.at\/wp-content\/uploads\/2018\/03\/Bundhose-Artefix-Street-Blau-Schwarz-2-100x100.jpg 100w, https:\/\/www.katkay.at\/wp-content\/uploads\/2018\/03\/Bundhose-Artefix-Street-Blau-Schwarz-2-150x150.jpg 150w\" sizes=\"(max-width: 250px) 100vw, 250px\" \/> <a href=\"https:\/\/www.katkay.at\/wp-content\/uploads\/2018\/03\/Bundhose-Manager-Duo-Kornblau-Marine-1.jpg\"><img loading=\"lazy\" decoding=\"async\" class=\"alignnone size-medium wp-image-710\" src=\"https:\/\/www.katkay.at\/wp-content\/uploads\/2018\/03\/Bundhose-Manager-Duo-Kornblau-Marine-1.jpg\" alt=\"\" width=\"250\" height=\"250\" srcset=\"https:\/\/www.katkay.at\/wp-content\/uploads\/2018\/03\/Bundhose-Manager-Duo-Kornblau-Marine-1.jpg 250w, https:\/\/www.katkay.at\/wp-content\/uploads\/2018\/03\/Bundhose-Manager-Duo-Kornblau-Marine-1-100x100.jpg 100w, https:\/\/www.katkay.at\/wp-content\/uploads\/2018\/03\/Bundhose-Manager-Duo-Kornblau-Marine-1-150x150.jpg 150w\" sizes=\"(max-width: 250px) 100vw, 250px\" \/><\/a> <a href=\"https:\/\/www.katkay.at\/wp-content\/uploads\/2018\/03\/Bundjacke-Artefix-Street-Blau-Schwarz-1.jpg\"><img loading=\"lazy\" decoding=\"async\" class=\"alignnone size-medium wp-image-711\" src=\"https:\/\/www.katkay.at\/wp-content\/uploads\/2018\/03\/Bundjacke-Artefix-Street-Blau-Schwarz-1.jpg\" alt=\"\" width=\"250\" height=\"250\" srcset=\"https:\/\/www.katkay.at\/wp-content\/uploads\/2018\/03\/Bundjacke-Artefix-Street-Blau-Schwarz-1.jpg 250w, https:\/\/www.katkay.at\/wp-content\/uploads\/2018\/03\/Bundjacke-Artefix-Street-Blau-Schwarz-1-100x100.jpg 100w, https:\/\/www.katkay.at\/wp-content\/uploads\/2018\/03\/Bundjacke-Artefix-Street-Blau-Schwarz-1-150x150.jpg 150w\" sizes=\"(max-width: 250px) 100vw, 250px\" \/><\/a> <a href=\"https:\/\/www.katkay.at\/wp-content\/uploads\/2018\/03\/Bundjacke-Manager-Duo-Kornblau-Marine-1.jpg\"><img loading=\"lazy\" decoding=\"async\" class=\"alignnone size-medium wp-image-712\" src=\"https:\/\/www.katkay.at\/wp-content\/uploads\/2018\/03\/Bundjacke-Manager-Duo-Kornblau-Marine-1.jpg\" alt=\"\" width=\"250\" height=\"250\" srcset=\"https:\/\/www.katkay.at\/wp-content\/uploads\/2018\/03\/Bundjacke-Manager-Duo-Kornblau-Marine-1.jpg 250w, https:\/\/www.katkay.at\/wp-content\/uploads\/2018\/03\/Bundjacke-Manager-Duo-Kornblau-Marine-1-100x100.jpg 100w, https:\/\/www.katkay.at\/wp-content\/uploads\/2018\/03\/Bundjacke-Manager-Duo-Kornblau-Marine-1-150x150.jpg 150w\" sizes=\"(max-width: 250px) 100vw, 250px\" \/><\/a> <a href=\"https:\/\/www.katkay.at\/wp-content\/uploads\/2018\/03\/Latzhose-Artefix-Street-Blau-Schwarz-1.jpg\"><img loading=\"lazy\" decoding=\"async\" class=\"alignnone size-medium wp-image-713\" src=\"https:\/\/www.katkay.at\/wp-content\/uploads\/2018\/03\/Latzhose-Artefix-Street-Blau-Schwarz-1.jpg\" alt=\"\" width=\"250\" height=\"250\" srcset=\"https:\/\/www.katkay.at\/wp-content\/uploads\/2018\/03\/Latzhose-Artefix-Street-Blau-Schwarz-1.jpg 250w, https:\/\/www.katkay.at\/wp-content\/uploads\/2018\/03\/Latzhose-Artefix-Street-Blau-Schwarz-1-100x100.jpg 100w, https:\/\/www.katkay.at\/wp-content\/uploads\/2018\/03\/Latzhose-Artefix-Street-Blau-Schwarz-1-150x150.jpg 150w\" sizes=\"(max-width: 250px) 100vw, 250px\" \/><\/a><a style=\"font-size: 1rem;\" href=\"https:\/\/www.katkay.at\/wp-content\/uploads\/2018\/03\/Short-Artefix-Street-Blau-Schwarz-1.jpg\"><img loading=\"lazy\" decoding=\"async\" class=\"alignnone size-medium wp-image-720\" src=\"https:\/\/www.katkay.at\/wp-content\/uploads\/2018\/03\/Short-Artefix-Street-Blau-Schwarz-1.jpg\" alt=\"\" width=\"250\" height=\"250\" srcset=\"https:\/\/www.katkay.at\/wp-content\/uploads\/2018\/03\/Short-Artefix-Street-Blau-Schwarz-1.jpg 250w, https:\/\/www.katkay.at\/wp-content\/uploads\/2018\/03\/Short-Artefix-Street-Blau-Schwarz-1-100x100.jpg 100w, https:\/\/www.katkay.at\/wp-content\/uploads\/2018\/03\/Short-Artefix-Street-Blau-Schwarz-1-150x150.jpg 150w\" sizes=\"(max-width: 250px) 100vw, 250px\" \/><\/a>\u00a0<img loading=\"lazy\" decoding=\"async\" class=\"alignnone size-medium wp-image-715\" style=\"font-size: 1rem;\" src=\"https:\/\/www.katkay.at\/wp-content\/uploads\/2018\/03\/Polo-BC-Safran-100-BW-2.jpg\" alt=\"\" width=\"250\" height=\"250\" srcset=\"https:\/\/www.katkay.at\/wp-content\/uploads\/2018\/03\/Polo-BC-Safran-100-BW-2.jpg 250w, https:\/\/www.katkay.at\/wp-content\/uploads\/2018\/03\/Polo-BC-Safran-100-BW-2-100x100.jpg 100w, https:\/\/www.katkay.at\/wp-content\/uploads\/2018\/03\/Polo-BC-Safran-100-BW-2-150x150.jpg 150w\" sizes=\"(max-width: 250px) 100vw, 250px\" \/><span style=\"font-size: 1rem;\">\u00a0 <\/span> <a style=\"font-size: 1rem;\" href=\"https:\/\/www.katkay.at\/wp-content\/uploads\/2018\/03\/Schutzmaske-3M-8710-E-FFP1-1.jpg\"><img loading=\"lazy\" decoding=\"async\" class=\"alignnone size-medium wp-image-718\" src=\"https:\/\/www.katkay.at\/wp-content\/uploads\/2018\/03\/Schutzmaske-3M-8710-E-FFP1-1.jpg\" alt=\"\" width=\"250\" height=\"250\" srcset=\"https:\/\/www.katkay.at\/wp-content\/uploads\/2018\/03\/Schutzmaske-3M-8710-E-FFP1-1.jpg 250w, https:\/\/www.katkay.at\/wp-content\/uploads\/2018\/03\/Schutzmaske-3M-8710-E-FFP1-1-100x100.jpg 100w, https:\/\/www.katkay.at\/wp-content\/uploads\/2018\/03\/Schutzmaske-3M-8710-E-FFP1-1-150x150.jpg 150w\" sizes=\"(max-width: 250px) 100vw, 250px\" \/><\/a><a style=\"font-size: 1rem;\" href=\"https:\/\/www.katkay.at\/wp-content\/uploads\/2018\/03\/Sicherheits-Halbschuh-RUN-S3-SRC-2.jpg\"><img loading=\"lazy\" decoding=\"async\" class=\"alignnone size-medium wp-image-721\" src=\"https:\/\/www.katkay.at\/wp-content\/uploads\/2018\/03\/Sicherheits-Halbschuh-RUN-S3-SRC-2.jpg\" alt=\"\" width=\"250\" height=\"250\" srcset=\"https:\/\/www.katkay.at\/wp-content\/uploads\/2018\/03\/Sicherheits-Halbschuh-RUN-S3-SRC-2.jpg 250w, https:\/\/www.katkay.at\/wp-content\/uploads\/2018\/03\/Sicherheits-Halbschuh-RUN-S3-SRC-2-100x100.jpg 100w, https:\/\/www.katkay.at\/wp-content\/uploads\/2018\/03\/Sicherheits-Halbschuh-RUN-S3-SRC-2-150x150.jpg 150w\" sizes=\"(max-width: 250px) 100vw, 250px\" \/><\/a> <a style=\"font-size: 1rem;\" href=\"https:\/\/www.katkay.at\/wp-content\/uploads\/2018\/03\/Sicherheits-Halbschuh-S3-Metallfrei-2.jpg\"><img loading=\"lazy\" decoding=\"async\" class=\"alignnone size-medium wp-image-722\" src=\"https:\/\/www.katkay.at\/wp-content\/uploads\/2018\/03\/Sicherheits-Halbschuh-S3-Metallfrei-2.jpg\" alt=\"\" width=\"250\" height=\"250\" srcset=\"https:\/\/www.katkay.at\/wp-content\/uploads\/2018\/03\/Sicherheits-Halbschuh-S3-Metallfrei-2.jpg 250w, https:\/\/www.katkay.at\/wp-content\/uploads\/2018\/03\/Sicherheits-Halbschuh-S3-Metallfrei-2-100x100.jpg 100w, https:\/\/www.katkay.at\/wp-content\/uploads\/2018\/03\/Sicherheits-Halbschuh-S3-Metallfrei-2-150x150.jpg 150w\" sizes=\"(max-width: 250px) 100vw, 250px\" \/><\/a> <a style=\"font-size: 1rem;\" href=\"https:\/\/www.katkay.at\/wp-content\/uploads\/2018\/03\/Sicherheits-Hochschuh-S3-Metallfrei-1.jpg\"><img loading=\"lazy\" decoding=\"async\" class=\"alignnone size-medium wp-image-723\" src=\"https:\/\/www.katkay.at\/wp-content\/uploads\/2018\/03\/Sicherheits-Hochschuh-S3-Metallfrei-1.jpg\" alt=\"\" width=\"250\" height=\"250\" srcset=\"https:\/\/www.katkay.at\/wp-content\/uploads\/2018\/03\/Sicherheits-Hochschuh-S3-Metallfrei-1.jpg 250w, https:\/\/www.katkay.at\/wp-content\/uploads\/2018\/03\/Sicherheits-Hochschuh-S3-Metallfrei-1-100x100.jpg 100w, https:\/\/www.katkay.at\/wp-content\/uploads\/2018\/03\/Sicherheits-Hochschuh-S3-Metallfrei-1-150x150.jpg 150w\" sizes=\"(max-width: 250px) 100vw, 250px\" \/><\/a><img loading=\"lazy\" decoding=\"async\" class=\"alignnone size-medium wp-image-708\" style=\"font-size: 1rem;\" src=\"https:\/\/www.katkay.at\/wp-content\/uploads\/2018\/03\/Bausicherheitsstiefel-Gelb-S5-Dunlop-1.jpg\" alt=\"\" width=\"250\" height=\"250\" srcset=\"https:\/\/www.katkay.at\/wp-content\/uploads\/2018\/03\/Bausicherheitsstiefel-Gelb-S5-Dunlop-1.jpg 250w, https:\/\/www.katkay.at\/wp-content\/uploads\/2018\/03\/Bausicherheitsstiefel-Gelb-S5-Dunlop-1-100x100.jpg 100w, https:\/\/www.katkay.at\/wp-content\/uploads\/2018\/03\/Bausicherheitsstiefel-Gelb-S5-Dunlop-1-150x150.jpg 150w\" sizes=\"(max-width: 250px) 100vw, 250px\" \/><a style=\"font-size: 1rem;\" href=\"https:\/\/www.katkay.at\/wp-content\/uploads\/2018\/03\/PU-Brunnenschaum-750ml-2.jpg\"><img loading=\"lazy\" decoding=\"async\" class=\"alignnone size-medium wp-image-717\" src=\"https:\/\/www.katkay.at\/wp-content\/uploads\/2018\/03\/PU-Brunnenschaum-750ml-2.jpg\" alt=\"\" width=\"250\" height=\"250\" srcset=\"https:\/\/www.katkay.at\/wp-content\/uploads\/2018\/03\/PU-Brunnenschaum-750ml-2.jpg 250w, https:\/\/www.katkay.at\/wp-content\/uploads\/2018\/03\/PU-Brunnenschaum-750ml-2-100x100.jpg 100w, https:\/\/www.katkay.at\/wp-content\/uploads\/2018\/03\/PU-Brunnenschaum-750ml-2-150x150.jpg 150w\" sizes=\"(max-width: 250px) 100vw, 250px\" \/><\/a><\/p>\n","protected":false},"excerpt":{"rendered":"<p>Wir bieten Ihnen Handschuhe f\u00fcr alle Einsatzbereiche Bequeme Schuhe mit Stahlkappe Hochwertige Arbeits- und Freizeitbekleidung Top-Qualit\u00e4t bei PU-Sch\u00e4ume und Silikon u.v.m. ARTIKELLISTE &nbsp; \u00a0\u00a0<\/p>\n","protected":false},"author":1,"featured_media":0,"parent":0,"menu_order":0,"comment_status":"closed","ping_status":"closed","template":"","meta":{"footnotes":""},"_links":{"self":[{"href":"https:\/\/www.katkay.at\/index.php?rest_route=\/wp\/v2\/pages\/688"}],"collection":[{"href":"https:\/\/www.katkay.at\/index.php?rest_route=\/wp\/v2\/pages"}],"about":[{"href":"https:\/\/www.katkay.at\/index.php?rest_route=\/wp\/v2\/types\/page"}],"author":[{"embeddable":true,"href":"https:\/\/www.katkay.at\/index.php?rest_route=\/wp\/v2\/users\/1"}],"replies":[{"embeddable":true,"href":"https:\/\/www.katkay.at\/index.php?rest_route=%2Fwp%2Fv2%2Fcomments&post=688"}],"version-history":[{"count":6,"href":"https:\/\/www.katkay.at\/index.php?rest_route=\/wp\/v2\/pages\/688\/revisions"}],"predecessor-version":[{"id":735,"href":"https:\/\/www.katkay.at\/index.php?rest_route=\/wp\/v2\/pages\/688\/revisions\/735"}],"wp:attachment":[{"href":"https:\/\/www.katkay.at\/index.php?rest_route=%2Fwp%2Fv2%2Fmedia&parent=688"}],"curies":[{"name":"wp","href":"https:\/\/api.w.org\/{rel}","templated":true}]}}